at are the prime factors of 6886769?
47, 146527
What are the prime factors of 160422?
2, 3, 26737
What are the prime factors of 532181?
13, 47, 67
What are the prime factors of 6754023?
3, 83383
What are the prime factors of 479317?
479317
List the prime factors of 291442.
2, 145721
What are the prime factors of 245517?
3, 81839
What are the prime factors of 432235?
5, 137, 631
List the prime factors of 888754.
2, 89, 4993
List the prime factors of 383151.
3, 127717
What are the prime factors of 271896?
2, 3, 11329
What are the prime factors of 313071?
3, 11, 53, 179
What are the prime factors of 3318661?
97, 34213
What are the prime factors of 2847808?
2, 44497
What are the prime factors of 6538849?
127, 51487
What are the prime factors of 248006?
2, 11, 11273
What are the prime factors of 409669?
13, 31513
List the prime factors of 5129876.
2, 1282469
List the prime factors of 4066039.
4066039
List the prime factors of 5014248.
2, 3, 208927
List the prime factors of 4958396.
2, 1239599
List the prime factors of 24338575.
5, 937, 1039
What are the prime factors of 1154361?
3, 13, 29599
List the prime factors of 341592.
2, 3, 43, 331
What are the prime factors of 730348?
2, 182587
List the prime factors of 1335049.
1097, 1217
What are the prime factors of 1431812?
2, 59, 6067
List the prime factors of 4542.
2, 3, 757
List the prime factors of 123754.
2, 43, 1439
List the prime factors of 22472334.
2, 3, 17, 23, 31, 103
What are the prime factors of 105627?
3, 137, 257
List the prime factors of 231888.
2, 3, 4831
What are the prime factors of 1882161?
3, 163, 1283
What are the prime factors of 300014?
2, 11, 13, 1049
What are the prime factors of 9925679?
617, 16087
List the prime factors of 3498202.
2, 37, 41, 1153
List the prime factors of 344778.
2, 3, 7, 8209
List the prime factors of 193037.
13, 31, 479
List the prime factors of 156420.
2, 3, 5, 11, 79
What are the prime factors of 1990315?
5, 398063
List the prime factors of 743826.
2, 3, 151, 821
List the prime factors of 8350072.
2, 1043759
List the prime factors of 2073627.
3, 76801
List the prime factors of 4430382.
2, 3, 11, 19, 3533
What are the prime factors of 1304349?
3, 434783
List the prime factors of 89351.
199, 449
What are the prime factors of 1592344?
2, 13, 61, 251
List the prime factors of 2482049.
2482049
List the prime factors of 289096.
2, 36137
List the prime factors of 2717730.
2, 3, 5, 30197
List the prime factors of 2496214.
2, 7, 178301
What are the prime factors of 518381?
17, 30493
List the prime factors of 39256.
2, 7, 701
List the prime factors of 4559.
47, 97
List the prime factors of 3340471.
37, 137, 659
List the prime factors of 1938337.
31, 2017
What are the prime factors of 400289?
613, 653
What are the prime factors of 704510?
2, 5, 70451
What are the prime factors of 67601?
67601
What are the prime factors of 2323462?
2, 43, 27017
List the prime factors of 8009983.
157, 163, 313
List the prime factors of 325453.
325453
What are the prime factors of 1005671?
31, 32441
What are the prime factors of 2949725?
5, 117989
List the prime factors of 311278.
2, 11, 14149
List the prime factors of 12758606.
2, 7, 23, 39623
List the prime factors of 1317985.
5, 263597
List the prime factors of 8509.
67, 127
List the prime factors of 154977.
3, 51659
List the prime factors of 11638088.
2, 7, 11, 2699
List the prime factors of 228800.
2, 5, 11, 13
What are the prime factors of 9070627?
9070627
What are the prime factors of 9807460?
2, 5, 13, 67, 563
List the prime factors of 1373054.
2, 19, 23, 1571
What are the prime factors of 373755?
3, 5, 24917
What are the prime factors of 452651?
163, 2777
List the prime factors of 317833.
59, 5387
What are the prime factors of 232405?
5, 53, 877
What are the prime factors of 460419?
3, 167, 919
List the prime factors of 1337639.
457, 2927
List the prime factors of 43942.
2, 127, 173
List the prime factors of 1152750.
2, 3, 5, 29, 53
List the prime factors of 8281028.
2, 7, 295751
List the prime factors of 7696882.
2, 113, 34057
What are the prime factors of 1381339?
53, 67, 389
What are the prime factors of 49202?
2, 73, 337
List the prime factors of 815641.
31, 83, 317
List the prime factors of 110798.
2, 55399
List the prime factors of 7062147.
3, 87187
List the prime factors of 9602.
2, 4801
List the prime factors of 314964.
2, 3, 13, 673
List the prime factors of 499683.
3, 166561
What are the prime factors of 2243090?
2, 5, 224309
List the prime factors of 187853.
19, 9887
What are the prime factors of 2757552?
2, 3, 7, 29, 283
What are the prime factors of 8169228?
2, 3, 75641
List the prime factors of 1954679.
1954679
List the prime factors of 704019.
3, 234673
What are the prime factors of 5554718?
2, 13, 29, 53, 139
List the prime factors of 6480438.
2, 3, 1080073
List the prime factors of 533979.
3, 19777
List the prime factors of 9529059.
3, 31, 79, 1297
List the prime factors of 75096.
2, 3, 7, 149
What are the prime factors of 221933?
41, 5413
List the prime factors of 3020412.
2, 3, 251701
List the prime factors of 97540.
2, 5, 4877
List the prime factors of 329495.
5, 65899
List the prime factors of 2266997.
257, 8821
List the prime factors of 935843.
935843
What are the prime factors of 329636?
2, 23, 3583
List the prime factors of 613011.
3, 7, 29191
What are the prime factors of 392593?
392593
List the prime factors of 4789691.
19, 79, 3191
List the prime factors of 2469965.
5, 493993
List the prime factors of 3070539.
3, 341171
What are the prime factors of 1152723?
3, 11, 13, 2687
What are the prime factors of 12907741?
7, 11, 167633
List the prime factors of 266239.
266239
List the prime factors of 1353699.
3, 181, 277
What are the prime factors of 10161894?
2, 3, 1693649
List the prime factors of 14343866.
2, 7171933
List the prime factors of 201772.
2, 73, 691
List the prime factors of 11543288.
2, 1442911
What are the prime factors of 12506253?
3, 79, 52769
List the prime factors of 411907.
23, 17909
What are the prime factors of 16350352?
2, 1021897
List the prime factors of 342895.
5, 7, 97, 101
What are the prime factors of 2860797?
3, 73, 13063
What are the prime factors of 8329109?
41, 53, 3833
List the prime factors of 48.
2, 3
List the prime factors of 1724866.
2, 11, 13, 37, 163
What are the prime factors of 2693010?
2, 3, 5, 89767
List the prime factors of 691878.
2, 3, 11, 953
List the prime factors of 1167966.
2, 3, 43, 503
List the prime factors of 190326.
2, 3, 31721
What are the prime factors of 10892373?
3, 43, 84437
List the prime factors of 482129.
167, 2887
What are the prime factors of 135932?
2, 17, 1999
List the prime factors of 1222820.
2, 5, 61141
What are the prime factors of 10588595?
5, 2117719
List the prime factors of 4735667.
37, 149, 859
List the prime factors of 12644809.
12644809
What are the prime factors of 246655?
5, 49331
List the prime factors of 701847.
3, 77983
List the prime factors of 215714.
2, 107857
What are the prime factors of 106173?
3, 47, 251
What are the prime factors of 140231?
7, 13, 23, 67
What are the prime factors of 538359?
3, 179453
What are the prime factors of 565994?
2, 11, 13, 1979
What are the prime factors of 27994?
2, 13997
What are the prime factors of 12212740?
2, 5, 409, 1493
List the prime factors of 524286.
2, 3, 7, 19, 73
What are the prime factors of 4758427?
61, 78007
What are the prime factors of 27584615?
5, 101, 54623
List the prime factors of 1283753.
1283753
List the prime factors of 2395688.
2, 347, 863
List the prime factors of 249938.
2, 13, 9613
What are the prime factors of 1656913?
89, 18617
What are the prime factors of 1901319?
3, 7, 37, 2447
What are the prime factors of 3817350?
2, 3, 5, 17, 499
What are the prime factors of 2150246?
2, 7, 153589
What are the prime factors of 27067690?
2, 5, 13, 208213
List the prime factors of 195212.
2, 37, 1319
What are the prime factors of 1869592?
2, 17, 59, 233
List the prime factors of 441618.
2, 3, 89, 827
What are the prime factors of 348112?
2, 21757
What are the prime factors of 5300263?
349, 15187
What are the prime factors of 293267?
13, 17, 1327
List the prime factors of 1888986.
2, 3, 11, 28621
What are the prime factors of 11272113?
3, 1252457
List the prime fact